 - -4?
0
10 - -2 - (-4 + 2 + 4)
10
What is (-4 - -7) + 0 + 2?
5
Evaluate 2 - (-21 - -15 - (-10 - 0)).
-2
Calculate (13 - 17 - (2 - 1)) + 8.
3
Calculate 9 + (2 - 4) + (-2 - 2).
3
What is the value of (1 + -5 - (9 - 10)) + -3?
-6
What is (6 - (2 - 1)) + -9?
-4
Calculate 10 + -2 - (20 + -12).
0
Evaluate 5 - (3 - (8 + (-14 - -1))).
-3
What is the value of (3 - (4 + 0)) + (3 - 6)?
-4
What is the value of 4 + 11 + -17 + 3?
1
-2 + 5 + 4 + -3 + 0
4
-7 + -1 + 5 + 0 + -1
-4
2 + 3 + -1 + -6
-2
-6 - -14 - (-2 - (-5 + -1))
4
Evaluate -9 + (10 - (0 + -1)).
2
What is the value of -4 + 2 - -3 - (14 + -10)?
-3
-4 + -3 + 7 + -5
-5
Evaluate 1 + 3 - (10 + -4).
-2
Calculate -1 - (9 + -8 + 5).
-7
Calculate -4 - (6 - (-3 - (1 - 7))).
-7
What is the value of (-7 - -3) + 1 + 2?
-1
What is the value of (-2 - -2) + -2 + -1 + 5?
2
(-5 - -2) + (-2 - -8) + 3
6
What is the value of (1 - 1) + 0 + (1 - 0)?
1
4 - (3 + -3 - -3) - -2
3
What is the value of 1 + -1 + (0 - -7)?
7
Evaluate (1 - 4) + 0 + 4 + 0.
1
Calculate (0 - (6 - -1)) + 4.
-3
Calculate 0 - 4 - (-3 + (8 - 7)).
-2
Calculate -2 - (0 + 3 + -6) - -3.
4
(-6 - -7) + -6 + 1
-4
What is the value of 24 - 17 - (-4 - -12)?
-1
What is 5 - (5 + -3 + 0)?
3
What is the value of -11 + 21 + -2 + -3?
5
6 + -11 - (-6 - -1)
0
Evaluate 16 + -20 + (1 - 0) + 3.
0
-5 + 6 + -8 + 1 - -13
7
Evaluate -12 + (14 + 7 - 11).
-2
1 + -4 - 2 - (-23 + 18)
0
Evaluate -2 + -12 + 6 - 0.
-8
What is the value of (1 - 5) + 2 + 1 + 3?
2
Evaluate 1 - 3 - (15 + (-5 - 12)).
0
What is the value of 8 + (-7 - -2) + -1 + 3?
5
Calculate 0 + (1 - 3) + 3.
1
Calculate 7 + -1 + 8 + -10.
4
3 - (10 - 4 - 5)
2
-6 - -1 - (-5 - -5)
-5
What is 1 + 6 + 1 - (-134 - -140)?
2
1 + -1 + -1 - (8 + -6)
-3
Calculate -3 - (2 + 0 + -2 + -2).
-1
Evaluate (9 - -1) + -5 - 5.
0
Calculate (2 + -1 - -3) + 63 + -73.
-6
Calculate 8 + 5 + -5 - 3.
5
Evaluate 0 + 0 + (-5 - (6 + -11)).
0
(10 - 15 - 2) + 13
6
Evaluate (-15 - -16) + 0 + -1 - -3.
3
-28 + 26 - (0 + -3)
1
What is (22 - 10) + -1 + -5?
6
Calculate 3 - ((7 - 5) + 0).
1
What is 34 + -23 - (13 + 0)?
-2
Calculate 5 - 0 - (2 + 0).
3
4 + (-9 - -5) + 0 + -2
-2
What is (2 - 2) + (1 - (2 + -3))?
2
Evaluate -1 + -3 + (5 - -1) + 5.
7
-4 + (1 + -5 - -6)
-2
What is the value of 4 + -10 + (13 - 5)?
2
What is the value of -6 - (4 + (10 - 21))?
1
What is the value of (-2 - 0) + 4 + -13 + 11?
0
Evaluate 11 - (-14 - -11 - -22).
-8
Calculate -2 + (1 - (-1 - -2)).
-2
What is (13 - 3 - 1) + (4 - 9)?
4
What is -14 + 0 - -10 - 1?
-5
What is the value of (2 - -1) + -6 + -1?
-4
3 + (-11 - -3 - -2)
-3
Evaluate 3 - (-1 - -4 - (-1 - -6)).
5
What is the value of -5 + (0 - ((-1 - 1) + -5))?
2
What is 0 + -5 + 1 - (-1 + -1)?
-2
What is 2 + 0 + 0 + -8 - -1?
-5
What is the value of 1 - 0 - (-1 - -7)?
-5
Calculate 4 + -7 - (5 + (-11 - 2)).
5
What is the value of -2 - (-2 - -3) - 2?
-5
11 - 4 - (0 + -5 + 12)
0
What is (-2 - 6) + 3 - -8 - -1?
4
Evaluate -1 - -6 - (10 - (-2 - -10)).
3
2 + (3 - 3 - (3 + -2))
1
Evaluate -1 + 2 - (-5 - -4).
2
What is -8 - -5 - -4 - 3?
-2
What is the value of 0 - (4 - (-4 - -3 - -2))?
-3
2 - (-2 + (-5 - -8))
1
Calculate 6 - (-5 - 1 - -17).
-5
Evaluate -5 + 2 + 1 - -3.
1
What is the value of (3 - -1) + (-4 - -3)?
3
What is 6 - -3 - 2 - (6 - 3)?
4
Evaluate 1 + 5 - (75 - 67).
-2
Calculate 5 + (-8 + -4 - -6).
-1
What is -4 - ((-6 - -2) + (13 - 10))?
-3
1 + -6 - -2 - (-18 + 10)
5
What is -5 + 2 + (-19 - -26)?
4
Evaluate (1 - -5) + -10 + (-8 - -14).
2
What is the value of (3 - (4 - (0 - -2))) + -4?
-3
(4 - (-3 - (-5 + 0))) + -4
-2
7 + -4 + 0 - -1
4
What is the value of (0 - 1) + (99 - 91)?
7
Evaluate -2 + (-3 - -8) + 1 + -5.
-1
Calculate 8 - ((0 - (1 - -4)) + 7).
6
Calculate -7 - (0 - 2) - -1.
-4
What is the value of (-2 - -2) + 5 - (0 - -3)?
2
Calculate 0 + (0 - 0) - -4.
4
Evaluate -27 + 36 - (2 - -7).
0
4 - (4 + (-4 - 1))
5
Evaluate 3 - (3 - (-4 + 3)).
-1
What is -4 + 14 + -17 + 7?
0
What is the value of -7 + (-2 - -5) + 10?
6
1 + 10 + (64 - 72)
3
Evaluate (3 - 0) + (-2 - 3).
-2
-6 + 7 - (6 + -2)
-3
What is 4 + (2 - 3) + -4?
-1
Evaluate -12 + (3 - 4 - -6).
-7
What is 12 + 1 + -21 - (-5 - 0)?
-3
Evaluate -7 - (1 + 1 + -4 - 2).
-3
Calculate (-6 - (-1 + -10)) + -4.
1
Calculate -33 - -29 - (-7 - 2).
5
Evaluate (-2 - (-6 - 1)) + (62 - 62).
5
What is the value of -1 - ((6 - 4 - -4) + -5)?
-2
Evaluate 3 + -6 + 14 + -7.
4
What is (12 - 14) + 4 + 1?
3
Calculate 11 + -12 - ((-3 - -7) + 0).
-5
Evaluate (5 - (-5 + 13)) + 3 + -5.
-5
Calculate (3 - (3 - 3)) + -3 - 5.
-5
What is the value of 3 - 7 - (2 + -4 + 0)?
-2
What is the value of -18 + 10 + 5 + 0?
-3
Evaluate (0 + 4 - 1) + (-9 - -10).
4
What is the value of -6 + 0 + 3 + 3?
0
-5 + 6 - (-1 + -1)
3
Evaluate 2 - (-6 + (3 - -1)).
4
What is 2 + (3 - 15 - -1)?
-9
What is -1 + (-1 - (5 + -3))?
-4
Calculate 214 + -207 + (-13 - (2 + -1)).
-7
Calculate -1 + 11 - (-2 - -11).
1
What is -3 - (0 - 4) - 6?
-5
Calculate (1 - (7 - 7 - -4)) + -3.
-6
-3 + -1 + (-8 - (9 + -18))
-3
Evaluate -1 + (2 - -2) + 1.
4
Calculate 7 - (-1 - -1 - (9 - 25)).
-9
Evaluate (0 - -1) + 6 + -6 + 3.
4
What is 1 - -12 - 17 - -13?
9
What is (-14 - -1) + (-66 - -72) - -1?
-6
What is the value of (3 - (-1 - -2) - -7) + -4?
5
What is -3 + (-2 - -2) - 2?
-5
What is the value of (-7 - 0) + (10 - 4)?
-1
What is (0 - -3) + -10 + 10?
3
Calculate (-3 - -1) + 3 + -4.
-3
Evaluate 6 - 9 - (-11 + -3 + 7).
4
What is the value of -10 + 3 + 3 + 0?
-4
What is -5 + -3 + (4 - -1) - 1?
-4
71 - 76 - (0 - -1)
-6
What is the value of (45 - 36) + -1 + -2?
6
Evaluate -1 + (17 + -6 - 7).
3
What is 0 + 5 + (0 - 1) + -1?
3
2 + 4 + -5 - 8 - -5
-2
What is 6 + -16 + 6 + 9 + 0?
5
-3 + 1 + (0 - -2) + 1
1
(12 - (29 - 8)) + 3
-6
What is the value of 0 + (6 - 2 - 0)?
4
What is 5 - (-3 - -2) - (-75 + 76)?
5
(1 - -4 - 10) + (2 - 4)
-7
(13 - 5) + (-4 - -2)
6
-2 - ((-4 - 0) + -2)
4
Calculate -7 + 2 - (-5 + 5).
-5
Evaluate (5 - -1) + (-9 - 0).
-3
(-11 - -17) + -5 + -2 + -8
-9
Calculate (3 - (-3 + 3)) + -3 - 5.
-5
Evaluate (-8 - -2) + 7 + -6 + 10.
5
What is 1 + -5 - (1 + 0 - 6)?
1
What is -3 - ((-12 - -3) + 1) - -2?
7
(9 - 13) + (-1 - -2 - 2)
-5
What is the value of 5 + 2 + (4 + 0 - 6)?
5
What is -7 - (-12 - (-8 - (0 - 1)))?
-2
-6 - ((1 - 2) + -4 + 4)
-5
Evaluate -9 + 9 - (0 - 0) - 2.
-2
Calculate 3 + (5 + -6 - 0).
2
What is the value of 9 + -6 + 3 + (-4 - 0)?
2
-2 + 2 + -5 + 3
-2
What is the value of -137 + 139 - (7 + 0 - -1)?
-6
4 + 1 + (-14 - -10)
1
Evaluate -13 - -3 - (3 - 10).
-3
What is the value of (9 - 3 - 11) + 10?
5
-6 + -15 + 10 - -3
-8
Evaluate -23 + 25 - (0 + 2).
0
(-13 - -10) + -5 + 15
7
-9 - (-9 + (1 - -3))
-4
What is ((0 - -4) + -4 - -4) + -6?
-2
Evaluate -1 + 17 + -6 - (1 - -2).
7
Calculate 7 + -3 + -12 + 5.
-3
What is 3 - ((8 - 2) + -6)?
3
What is 4 + (0 + 0 + -3 - -1)?
2
Evaluate -6 + 15 + (2 - 7) + -2.
2
What is the value of 3 + -4 + (3 + -2 - 1)?
-1
Evaluate -6 + (1 - -6 - 6).
-5
What is the value of -8 + (-3 - 1) + 8?
-4
-3 - (2 + 2 + -5)
-2
Calculate (0 + 2 - 7) + -21 + 18.
-8
-6 + -6 + 5 - -2
-5
3 + -2 - -1 - (-2 - -2)
2
Calculate 3 - (3 - 12 - -12).
0
What is -5 + 2 + -2 + 4 + -2?
-3
Evaluate 4 - (-3 + -4 - -14).
-3
5 + -2 + 3 + (32 - 33)
5
What is 6 + (20 - 18 - (1 - -2))?
5
-3 + 9 + 0 + -6
0
Evaluate -2 + 2 + -3 + 3 - 5.
-5
What is the value of 1 - (4 - 3 - 3)?
3
0 - (2 + 7 + -12) - 5
-2
What is the value of 1 + -1 + 10 + -5?
5
Evaluate -1 - (17 - 14 - -5).
-9
What is -10 - ((0 - -11) + -17)?
-4
What is the value of (5 - 6 - 0) + 3?
2
(-11 - -6) + -1 + 5
-1
Evaluate 25 + -24 + (-6 - -2) + -3.
-6
What is the value of (3 - (-1 - -2)) + 3 + -2?
3
1 + -4 + (6 - 4) + -1
-2
What is the value of 0 + -5 + (-4 - (-10 + -1))?
2
(-3 - -1) + 6 + -8
-4
What is the value of -4 - (3 - (-3 - (-15 + 2)))?
3
1 - (-7 + -1 + (-3 - -9))
3
1 + -7 - (-4 + -8)
6
Calculate -8 + -3 + (9 - -8).
6
Evaluate 4 + 1 + (3 - (3 + -1)).
6
What is 2 - (-9 + 8) - (2 - -1)?
0
Evaluate 3 + 0 - (2 - -1).
0
Evaluate -6 + 7 + (1 - 4) - -7.
5
Calculate -7 + 4 + -2 + 1 + 4.
0
What is 1 + 0 + (-1 - 1) + -3?
-4
Evaluate 5 + -3 + (-18 - -8).
-8
Calculate (-7 - (-15 + 9)) + (1 - -1).
1
-16 - -24 - (12 - 0)
-4
Evaluate 11 - (3 + -3 + 3 + 5).
3
-4 - (-4 + -1 + -5 + 5)
1
Evaluate -1 + 2 + -3 + 7 + -3.
2
Calculate -1 + 6 - (16 - 5).
-6
-7 + (7 + -7 - -6)
-1
What is the value of (0 - -6) + (-5 + 6 - 3)?
4
-13 